e (9 + -14 - 1) + -3 - -10.
1
What is (20 - 8) + (10 - (2 - -11))?
9
What is the value of -3 + (6 - 9) + (5 - -10)?
9
3 + (2 + 6 - 10)
1
What is the value of (-1 - 24) + (-233 - -266)?
8
(-4 + 7 + -10 - -5) + 6 + 1
5
Calculate 27 + -39 - (1 + -5 - 2).
-6
What is the value of (-5 + 6 - -2 - 1) + -9?
-7
What is the value of 8 + -1 + 43 + (-27 - 12)?
11
Calculate 2 - -15 - (11 + 1 + -4 + -8).
17
What is the value of 1 - (1 + (-2 - -1 - -1)) - -3?
3
What is -11 + 2 - -3 - 0?
-6
-2088 + 2092 + -1 + 2 + 9
14
What is 2 + (1 + (6 - 19) - (-6 + 15))?
-19
(1 - -12) + (-309 - -328)
32
Evaluate 13 + 0 - (256 + -260).
17
What is the value of 17 + (-15 - -12) + -16?
-2
What is the value of 3 + 11 + 71 + -67?
18
What is 15 + 1 + -13 - (-1 + 1) - -5?
8
What is the value of 20 + (-6 - -4 - (-2 - -14)) + 9?
15
What is -4 + 16 + (12 - -1) + -4 + 5?
26
What is (12 - 17) + (-11 + -4 - -7)?
-13
What is the value of -9 + -4 + 4 + 8 - 1?
-2
Calculate -8 + 1 - (8 - 9 - 2).
-4
14 + -5 + 0 + (-1 - 21) + 9
-4
Evaluate -4 - (8 + 1 + -10).
-3
Calculate 7 + -11 + 3 + 2 + (5 - 2).
4
What is 9 - (23 - (-12 - -21))?
-5
-9 - -1 - (-56 - -46) - 6 - -9
5
What is the value of (3 - (10 + 4)) + -10 + 8 + -2?
-15
What is 6 - (9 + 10 + -6 + -16)?
9
What is the value of 1 - -11 - (6 + 14 + -7 - 11)?
10
What is 0 - (3 + -6 + (-1 - 8))?
12
1 + -5 + 13 + 5 + -17
-3
Evaluate -7 - (-22 + 7 + 17).
-9
What is the value of 7 + -2 + 8 + 3?
16
Calculate (-20 - -31 - (20 + -5)) + 3.
-1
Evaluate -34 - (10 + (-16 - -11) - 22).
-17
Calculate -23 + (-26 - -19) - -23.
-7
Calculate -9 - (2 - 5 - -2 - 5) - -6.
3
What is the value of (2 - (7 + (-4 - -6) + 0)) + 13?
6
Calculate 19 + -8 - 10 - -2.
3
What is 3 + (-2 - -1 - -8 - (-221 + 220))?
11
Evaluate -13 - -5 - (-22 + 3) - 18.
-7
Evaluate 17 + (-1 - -2 - (-20 + 33)).
5
Calculate 8 + (-13 - 34 - -21).
-18
-7 + 10 + -3 + (-2 - -1) + 14
13
What is the value of -18 - -9 - (-17 - -30)?
-22
What is 11 + -18 + (7 - -1) - (17 + -21)?
5
Calculate 1 + -6 - 36 - (4 + 24 - 38).
-31
Calculate (-358 - -388) + (5 - 14).
21
Evaluate ((-4 - -10) + -5 - 0) + 6.
7
What is the value of -7 - (1 + -4) - ((-10 - -7) + 7)?
-8
2 + -9 + 8 + (-9 - 8) + 12
-4
What is 11 - (0 - -9 - 1)?
3
Evaluate (-5 - 0) + -2 - (-30 - (-7 - 1)).
15
What is the value of -31 - ((11 - 43) + 6 + 14)?
-19
What is the value of -33 - -34 - (3 + -1 - (4 + 25))?
28
Calculate 12 + -1 + 19 + -28 + 12.
14
What is -2 + (-18 - -33) + 5?
18
Evaluate (-7 - -34 - 37) + 11.
1
(-2 + 11 - (-173 + 205)) + 12 + 0
-11
What is the value of -21 + (-14 - -16) - -5?
-14
Calculate -5 - (-3 + 13 + 2 + (3 - 8)).
-12
154 - 173 - (-1 + -47)
29
Evaluate -2 + -2 + -2 + -13 - -3.
-16
What is the value of (-10 - -1) + -1 + 10 + -8?
-8
What is -11 + (-2 + -1 - (-9 - -11)) + 11?
-5
What is the value of -57 + 43 - (3 + -19)?
2
What is 21 + 47 + -15 + -58?
-5
Calculate -4 + 1 - ((-27 - -26) + -10).
8
What is (-12 - -9) + -5 + -2 + 16?
6
-17 + 8 + 6 + 4 - -8
9
Evaluate (1 - -4) + 8 + -9 - 6.
-2
What is the value of (11 - (17 - 12)) + -6 + 2?
2
What is 1 + 0 + 1 + (-33 + 1 - -5)?
-25
Calculate -5 + (3 - 4) + 15 + 2.
11
(-2 - (4 + 0)) + (6 + 1 - 4)
-3
What is -9 - (1 + -16 + 8 + (9 - 3))?
-8
Evaluate (21 - -3) + -19 - (-3 - -2 - 2).
8
Calculate (18 - 24) + -5 - 9.
-20
What is the value of 53 + -53 - (17 - 2)?
-15
Calculate (-2 - 0) + (5 - (50 + -44)).
-3
What is 1538 - 1498 - ((-1 - -4) + (-5 - -11))?
31
-25 + 27 + (3 - ((2 - -2) + 2))
-1
78 + -10 + -4 + -33
31
What is -839 + 834 + (1 - 19)?
-23
52 + -23 + -5 - 3
21
What is -4 - (-3 + (2 - (11 - 4 - 1)))?
3
Calculate 7 - (-8 + (13 - 7) + -3).
12
Calculate -9 + 7 + -4 - 7 - (-2 + 1).
-12
What is 37 + -43 + (21 - 2)?
13
What is -8 + (-9 - -7 - (-2 + -9)) + -20?
-19
What is the value of -24 + -1 + (46 - 58 - -3)?
-34
What is the value of (-32 - -27) + (15 - (-1 + (-3 - -4)))?
10
Evaluate 7 + -8 + (-28 - (7 + -21)).
-15
Evaluate -42 + 82 + -49 - -31.
22
What is -27 - (27 - (43 + 15))?
4
Evaluate -12 + 2 + (5 - (2 + 5 + -1)).
-11
56 + -43 - (5 - (-6 - -3 - -5))
10
14 + (-14 + 1 - 31) - -8
-22
Evaluate -36 + 9 + (18 - 10).
-19
Evaluate 25 - (21 - (26 - 17)).
13
-3 - (1 - ((-19 - -11) + (5 - 1)))
-8
Evaluate 17 + 6 + (-5 - 12).
6
0 - (4 + -1 + 0) - (13 - 16)
0
Evaluate -22 - -15 - (12 - 4 - -1).
-16
Calculate (-48 - -40) + (19 - (0 - -8)).
3
What is the value of 6 - (6 - (-7 + 2))?
-5
Evaluate -4 + -7 + 6 + 7 + -17.
-15
Calculate 22 + (-1 - (-3 + 6)) - 6.
12
Evaluate 7 + 13 + (7 - 19 - -2 - -2).
12
Evaluate (-8 - 19) + -50 + 59.
-18
What is the value of -13 + (-5 - -13) - -4?
-1
-6 - ((3 - 12) + (-8 - -3) + -2)
10
-2 - (3 + 0 + -2) - (-1 + -1)
-1
(-52 - (27 + -45)) + 12
-22
0 + -2 + (23 - 13)
8
What is the value of -5 + (-4 + 11 - 9) - (3 - 0)?
-10
-37 - (2 - 0 - (-9 - -17 - 10))
-41
What is the value of 14 + (7 - (12 + (0 - -3 - 5)))?
11
What is the value of (28 - 33) + 13 + 1 + 5?
14
Evaluate 0 - 6 - (-15 + 12 + -5).
2
-9 + 0 - (-74 - (-115 + 51))
1
-1 + 0 + 5 + (2 - (1 + 2))
3
What is the value of -17 + (34 - 5) + -1 + 9?
20
Calculate -2 + 1 + (8 - 25 - -18).
0
What is the value of 31 + -3 + 14 + -26?
16
What is the value of -2 - (-7 + 12 + 6)?
-13
Calculate 6 + (-15 + 36 - 44).
-17
What is 1 + (-1 - -25) + -15 + -33?
-23
Evaluate (-63 - -115) + -15 + -2.
35
What is -15 + 2 + -55 + 54?
-14
Calculate (108 + -73 - 34) + -1 + 2.
2
Calculate 2 + -1 + -4 + -7 + 1.
-9
(5 - -30) + (-94 - -50)
-9
-1 - (8 + 50 + -25)
-34
Calculate (-43 - -4 - -4 - -10) + 13.
-12
Evaluate -8 + (0 + -1 - -1) - 1.
-9
-3 + 5 + 15 - (44 + (20 - 57))
10
What is 5 - (-12 - (-37 - (0 - 6)))?
-14
Evaluate (23 - (1 + 36)) + (-5 + 10 - 2).
-11
(-2 - -1) + 16 + -11 + -3
1
What is -2 - ((-5 - (3 + -4)) + (33 - 34))?
3
Evaluate (-1 - (-7 - (6 - 12))) + 12.
12
Calculate 1 + -2 + 15 - (94 + -84).
4
What is 14 + -14 + -9 - -17?
8
Evaluate ((8 - 8) + -11 - -8) + -4.
-7
Calculate (13 - 6 - -13) + -4 + 18.
34
Calculate (-2 - 9) + (15 - 8) + 5.
1
What is the value of -2 + 7 - 3 - 4 - -12?
10
What is the value of -4 - (-26 - -20 - (1 - 0))?
3
(-34 - -37) + 0 + -17 - -12
-2
What is the value of 4 + (20 - 13 - 8 - 10)?
-7
What is 60 - 80 - (5 - 11)?
-14
Evaluate -6 + -9 + 9 + -5.
-11
What is the value of (-18 - -20 - -2) + -2 + -2?
0
What is the value of -8 + 83 + -86 + -2 + 22?
9
Calculate 29 + 12 + -40 - -9.
10
(0 - -15) + 4 + (-18 - -18 - 3)
16
19 - 8 - (5 + -14 - 1)
21
Calculate 2 + -6 + 7 + -10 + -5 + 1.
-11
What is the value of (17 - 25) + -37 + 23 + -12?
-34
Evaluate -13 - (0 - (-2 + 7)) - (-27 + 27).
-8
Evaluate -2 - -2 - 9 - (-12 + -7 + 17).
-7
What is 2 + 2 + -2 - (69 - 73)?
6
Calculate -5 - (24 + -10 + (1 - (3 - -4))).
-13
Evaluate 2 - ((-15 - -28) + 13).
-24
Evaluate 0 - -1 - 5 - -12 - (-1 + -3).
12
Evaluate (11 - (1 + -14 + 9)) + -2 + 2.
15
Calculate 2 + 2 + 3 + 1 + -7 + 4.
5
What is the value of (3 + -1 - (6 - -1)) + 10 + -9?
-4
Calculate (-16 - -33) + -17 + 1 + -17.
-16
Evaluate 0 + (-1 - 29) - (-2394 + 2402).
-38
Evaluate 26 - (-1 + 1) - (-47 - (-170 - -120)).
23
(7 - -1) + -100 + 82
-10
Calculate 0 + -8 + (-1 + -3 - 1).
-13
What is the value of -1 + -6 + -1 - (3 + -3 - 1)?
-7
-2 - (-4 + 4 - (32 - 36))
-6
Evaluate -9 + -12 + 37 + (2 - 8).
10
Evaluate 13 - (81 + -52) - (8 - 0).
-24
What is 1 - (1 + -6 + 15)?
-9
Calculate 30 + -37 + -4 + 25.
14
(-12 + 25 - 14) + -1
-2
What is the value of 0 + -14 + (57 - (8 - -53))?
-18
-90 - -89 - (3 + 1)
-5
What is 8 - (23 + -1 + 93 + -99) - -1?
-7
What is the value of -33 + 18 + -11 + -4 + -3?
-33
-18 + (-9 + 29 - 17)
-15
What is -19 - (7 - (13 - (1 + 17)))?
-31
Evaluate 22 - ((-11 - -12) + 8 - 10).
23
Calculate (-13 - 4) + 21 - (0 + 23).
-19
(10 - 0) + -24 + 1
-13
Calculate -13 + 12 + 17 - 11.
5
Calculate -2 + ((2 - -3) + -12 - 1) + 2.
-8
Calculate 0 + -2 + 4 + (7 - -4 - 13).
0
0 + -9 + -296 + 323
18
410 + -440 - (-17 + 1)
-14
Calculate 5 + (-24 - (-6 - (8 + -1 + -6))).
-12
Calculate -2 - 14 - (4 + -10) - -4.
-6
What is 42 - (6 + -20 + 37)?
19
What is the value of -6 + 9 + -4 + -5 - -6?
0
Evaluate (1 - 8 - 1) + 5 + -4.
-7
What is the value of 4 + 3 - 0 - 3 - -7?
11
Calculate (3 + -3 - 9) + 5 + -1.
-5
What is the value of (-68 - -71) + (3 - 0)?
6
Evaluate (0 - 12) + (-4 - (17 - 19)) - 0.
-14
Calculate -13 - (-2 + 4 - 16).
1
-6 + (-6 - -2) + 5 + (-8 - -8)
-5
What is the value of (-36 + 1